768. Suppose -t = -5*t + h. Let d = t + -31. Give x(d).
-6
Suppose -x + 17 = 4*s, x + 4*s - 32 = -3*x. Suppose x*n = 3*n + 4. Let v(i) = -8*i + 11*i - 3*i - n*i. Calculate v(3).
-6
Let b(k) = 4*k + k - 17 + k**3 - 12*k**2 - 7*k + 3*k. What is b(12)?
-5
Suppose 0*s - 4*h = -2*s - 24, -5*s = 2*h. Let l(x) = 4*x**3 - 4*x**2 - 4*x - 2. Let q(m) = -3*m**3 + 3*m**2 + 3*m + 2. Let i(u) = s*l(u) - 3*q(u). Give i(3).
13
Let t(v) = -v**3 + 5*v**2 - v. Let o be (16 - 19)*(-2)/3. Let q(b) = -b**3 + b**2 + b. Let c(d) = o*q(d) - t(d). Let h = -4 - 0. Calculate c(h).
4
Let z be 3/(-6 + (-38)/(-6)). Let i(j) = j**3 - 8*j**2 - 11*j - 10. What is i(z)?
-28
Let c = 17 - 43. Let d = c + 20. Let j(i) = 6. Let u(w) = w. Let k(g) = j(g) + u(g). What is k(d)?
0
Let z(q) be the first derivative of -q**2 - 3. Suppose 12 = -r + 4*r, -5*w = 4*r + 14. Let m be 18/27 + (-2)/w. What is z(m)?
-2
Let j(a) = -a**2 + 7*a + 2. Suppose -f + p = 4*f - 15, -f + 5*p = -3. Suppose -f*x - 2*b - 2*b = 2, -5*x = 4*b - 10. Calculate j(x).
8
Let a = 31 + -2. Let t(f) = 1 - 2*f - 53*f**2 + a*f**2 + 5 + 23*f**2. Give t(-5).
-9
Let m(i) = -i**2 + 6*i - 7. Suppose -4*j = 2*h - 18, -3*h - 2*j + 9 = -10. Determine m(h).
-2
Let m(a) = 9*a - 18. Let d(f) = 25*f - 52. Let h(n) = -4*d(n) + 11*m(n). Determine h(0).
10
Let i(z) be the first derivative of 0*z + 1/3*z**3 + 9 + 4*z**2. Give i(-7).
-7
Let n(s) = 1 - 11*s - 8*s**2 + 2 - 2 + 5 + s**3. Give n(9).
-12
Let k(n) be the first derivative of -11 - 11*n + 1/2*n**2. Determine k(-9).
-20
Let r(n) = -50*n**2 - 1. Suppose 14*y = -11 - 3. Give r(y).
-51
Let x(a) = -2*a**2 - 37*a + 172. Let i be x(4). Let r(m) = -m**2 - 12*m - 32. What is r(i)?
0
Suppose -a = a + 6. Let q(d) = -126*d + 39*d + 39*d + 4 + 49*d. What is q(a)?
1
Let q(x) be the first derivative of -7*x**2 - 376. Determine q(-2).
28
Let q(y) = y**2 - 4*y - 4. Let z be ((-5)/3)/(45/(-27)). Let s(b) = b + 1. Let h(g) = z*q(g) - 4*s(g). What is h(7)?
-15
Let w(d) = -d**3 + 3*d**2 + 3*d - 3. Let k(u) = u**2 - 4*u + 4. Let g be k(4). Calculate w(g).
-7
Let u be -2*20/16*-12. Let t = -22 + u. Let b(k) = -k**3 + 8*k**2 + k. What is b(t)?
8
Let h(g) be the second derivative of 0 - 13/20*g**5 - 20*g - 1/12*g**4 + 1/6*g**3 - 1/2*g**2. Determine h(1).
-14
Suppose -5*g - 23 = 3*c, 2*g = -0*c + 5*c + 28. Let t(w) = -5*w + 2*w + 2 + 4*w - 10. Calculate t(c).
-14
Let r(x) be the first derivative of x**3/3 + 11*x**2/2 + 9*x - 544. Give r(-13).
35
Let y(j) = 96*j**3 - 5*j**2 - 1 + 10*j**2 - 4 - 97*j**3 - 2*j. Give y(5).
-15
Let r(f) = -f**2 + 3*f. Let g = -13 + 20. Let k(s) = 5*s**2 + 2*s**2 - 4*s - 3*s**2 + s**3 + g. Let v be k(-5). Give r(v).
2
Suppose -4*w + 3*v - 8 + 33 = 0, -30 = -2*w - 2*v. Let d be (-2)/(-5) + (-84)/w. Let u = d - -11. Let f(b) = 2*b**2 - 3*b + 1. What is f(u)?
10
Let g(p) = -p**2 + 5*p + 5. Let o = 7 - -9. Let j = 15 - o. Let r be 4 - (j + (3 - 4)). Calculate g(r).
-1
Let l(i) be the first derivative of i**3/3 - i**2 - 2*i + 1. Suppose 4 = 3*k + 5*m - 5, -m = -4*k - 11. What is l(k)?
6
Let s(p) be the third derivative of 0 + 1/6*p**4 + 5/6*p**3 - 3*p**2 - 1/30*p**5 + 0*p. Give s(4).
-11
Let h = 3 + 2. Let r(j) = 5 + 4*j + 56*j**2 - 4 - 31*j**2 + 0 - 26*j**2. What is r(h)?
-4
Let r(j) = 1247*j**2 - 6 - 1248*j**2 + 0. Let m = -6 + 6. Determine r(m).
-6
Let z(s) be the second derivative of -s**3/6 - 11*s**2/2 - 3*s. Let b(a) = a**3 - 8*a**2 + 12*a - 101. Let k be b(8). What is z(k)?
-6
Let j(s) = 7*s - 3. Let p = 480 - 478. Determine j(p).
11
Let w be -7 + 6 + (2 - 0). Let p(m) = w + 5*m + 5*m - 5*m - m**2 - 6*m. What is p(-2)?
-1
Let r(f) be the third derivative of -f**4/24 + f**3/2 - 17*f**2 - 8*f. Suppose -40 = -0*s + 5*s. Determine r(s).
11
Let v(k) = -k**3 - k**2 - k + 2. Let q(z) = 37*z**3 - 2*z**2 - z + 4. Let a(r) = q(r) - 2*v(r). Give a(-1).
-40
Let j(a) be the third derivative of a**6/120 + a**5/12 + a**4/3 + 7*a**3/3 - a**2 + 91*a. What is j(-3)?
8
Let k be (-176)/10 + 14/105*-3. Let l(d) = d**2 + 17*d - 20. Calculate l(k).
-2
Let k(m) = 3*m + 11 - m - 6*m + 7 + 9. Determine k(6).
3
Let b(d) = 17*d - 629. Let p be b(37). Let m(n) = -n**3 + n + 34. Calculate m(p).
34
Let o = 15 - 14. Suppose 1 = 2*d + 3*k, -d + 4*k + 0 = -6. Let t(b) = -13*b - o - 2*b**2 + 3*b**d + 8*b. Give t(4).
-5
Let y(p) = 5*p**2 - 7*p - 3. Let h(k) = 4*k**2 - 7*k - 2. Let r(x) = 6*h(x) - 5*y(x). What is r(-9)?
-15
Let w(d) = -d**2 - 12*d + 12. Let i = -162 + 166. Let o be ((-8)/i)/(8/52). What is w(o)?
-1
Let r be (2 - (-343)/(-168))/((-15)/6). Let m(s) be the third derivative of -r*s**5 - 1/2*s**3 + 5*s**2 + 0 + 1/12*s**4 + 0*s. Determine m(4).
-11
Let s(u) = -u**3 + 7*u**2 - 5*u. Suppose 0 = -7*t + 13 + 1. Suppose 0 = t*z - 14 + 2. Calculate s(z).
6
Let u(c) = -1. Let r = 44 + -49. Let z(l) = -l + 6. Let b(k) = r*u(k) - z(k). Calculate b(7).
6
Let q(g) be the first derivative of -2*g**2 + 2*g - 1. Let u be q(2). Let x(a) = 11*a - 10. Let l(c) = 9*c - 8. Let v(t) = 5*l(t) - 4*x(t). Calculate v(u).
-6
Suppose 2*l - 8 = -3*p, l = 3*p - 4 - 1. Suppose p*k = -4*g + 6 - 0, -g - 6 = -2*k. Let n(h) = -h - 19*h**k - 2 + 1 + 18*h**3 - 3*h**2. What is n(-3)?
2
Let u(v) = v**2 + 12*v + 16. Suppose -206 + 17 = 21*g. Determine u(g).
-11
Let p(b) = -6*b - 36. Let r(m) = 3*m + 19. Suppose 4*f = -4*u + 32, -7 = -4*f + 2*f + u. Let w(g) = f*p(g) + 9*r(g). What is w(-8)?
15
Let o(r) = r + 1. Let w(q) = -4*q + 43. Let y(g) = 2*o(g) - w(g). Let c be y(7). Let t(h) = -7*h**2 - h + 1. Calculate t(c).
-7
Let b(v) be the second derivative of v**7/2520 + v**6/144 - 7*v**5/120 + 5*v**4/3 + 16*v. Let m(k) be the third derivative of b(k). Give m(-6).
-1
Suppose -x + 4 = -4*y, 3*x + 5*y = x - 18. Let l(b) = b**3 + 3*b**2 - 4*b + 2. Determine l(x).
2
Let v(o) = -983 - 1014 + 12*o + 2039. What is v(-4)?
-6
Let j(z) be the first derivative of z**6/360 - z**4/6 + 6*z**3 - 18. Let g(n) be the third derivative of j(n). Determine g(-3).
5
Let w(a) = -4*a + 4. Let g = 102 - 54. Let l = -68 + g. Let o = l - -23. Determine w(o).
-8
Let m be (-56)/10 - 2/5. Let p(k) = k**3 + 5*k**2 - 6*k + 2. Calculate p(m).
2
Let z(j) = -8*j**3 - j**2 + j. Suppose -9 - 6 = -3*p. Suppose p*f = -3*s - 17, 6*s + 17 = s + 3*f. Let w = s - -5. What is z(w)?
-8
Let l(a) be the third derivative of a**5/60 - a**4/6 - 10*a**3/3 + 26*a**2 + 2*a. Let h(f) = 2*f**2 - 7*f - 41. Let v(o) = 6*h(o) - 13*l(o). Calculate v(10).
14
Let s(q) = q**2 + q - 1. Let g(x) = -x**3 - 13*x**2 + 6*x + 5. Let f(t) = -g(t) - 5*s(t). Determine f(-9).
18
Let u be -65 - -68 - 2*7. Let c(r) = -r**2 - 11*r - 10. Give c(u).
-10
Let p(w) = w**2 - 7*w + 6. Suppose 42 = 4*d + 2*y + 14, -2*y = 3*d - 22. Give p(d).
0
Let t(s) = -7*s**2 - 12*s**2 + 40 + 8*s**2 + 9*s + 8*s**2 + 2*s**2. Calculate t(12).
4
Suppose 0 = -33*i + 39 - 105. Let v(k) = 1 + 2*k**2 - k - 3*k**2 + 2*k. Calculate v(i).
-5
Let l be (0 + 1 + -3)*1. Let s(n) = -13*n - 9. Let x(c) = -1 + 0*c - 3*c + 0 - 1. Let o(h) = l*s(h) + 9*x(h). Give o(-3).
3
Let f = -46 - -68. Let v be f/(-26) + 3/(117/(-6)). Let m(s) be the first derivative of -4*s**3 - s**2/2 - s + 5. Determine m(v).
-12
Let h(c) = c**2 + 5*c - 8. Let x be h(-6). Suppose -s - 2 = -6. Let p(a) = 3*a + 1 - s*a + 4 - 7. Calculate p(x).
0
Let z(p) = -p + 2. Let w(b) be the third derivative of -b**4/24 + 3*b**2 + 5*b. Let v(y) = -2*w(y) + z(y). Calculate v(-6).
-4
Let v = -3 + -4. Let l(x) = -43*x**2 + 42*x**2 - 80*x + 73*x. Calculate l(v).
0
Suppose 0 = 3*s + 3*x + 30, 44*x + 34 = -s + 49*x. Let g(v) = -v**2 - 13*v + 8. What is g(s)?
-6
Let j(q) = 2*q**2 - 8*q - 12. Let s(n) = 3*n**2 - 16*n - 24. Let f(y) = -5*j(y) + 3*s(y). Give f(-7).
-5
Let c(z) be the third derivative of -z**6/120 - z**5/5 + 7*z**4/12 + z**3 - 4*z**2 + 15. Calculate c(-13).
-7
Let s(o) be the first derivative of o**2/2 - 2*o - 2. Let j be (-8 - -13) + -4*1. Give s(j).
-1
Let a(h) be the second derivative of -h**3/6 - 2*h. Suppose 4*x = -3*i - 67, 4*i + x = -24 - 48. Let g = i - -17. Calculate a(g).
0
Let t(v) = -17*v - 2. Suppose 45*d + 7*d = -104. Determine t(d).
32
Let d(j) = -3*j + 4. Let l(q) = -1. Let v = 11 + -16. Let x(b) = v*l(b) - d(b). Determine x(-1).
-2
Let p(t) = -3 - 10 + t**3 + 9231*t**2 + 3*t - 9224*t**2. Give p(-6).
5
Let f be (-4 + (0 - -3))/1. Let w be (3 - (-2 + 4))/f. Let y(i) = 4*i 